7*m + 56. Calculate r(29).
-2
Let z(y) = y**3 - 5*y**2 + 5*y - 10. Give z(4).
-6
Let i(c) = c**3 + 22*c**2 + 20*c - 2. What is i(-21)?
19
Let d(r) = -r + 36. Give d(24).
12
Let m(n) = -5*n**2 - 7*n - 3. What is m(-4)?
-55
Let b(w) = -11*w - 326. Give b(-28).
-18
Let w(i) = 4*i - 16. Give w(6).
8
Let j(s) = -s**2 + 11*s - 19. Give j(9).
-1
Let m(g) = -2*g**3 + g**2 + 2*g - 8. What is m(0)?
-8
Let c(l) = -2*l - 12. Determine c(0).
-12
Let q(w) = -3*w**2 + 22*w - 3. Determine q(8).
-19
Let x(u) = 3*u + 11. What is x(8)?
35
Let u(s) = s + 1. Calculate u(-2).
-1
Let a(i) = i**3 - 2*i**2 - 38*i - 6. Calculate a(0).
-6
Let m(y) = y**3 + 10*y**2 - 22*y + 9. Give m(-12).
-15
Let u(s) = s + 1. What is u(-7)?
-6
Let d(a) = 25*a**2 + 153*a - 1. Calculate d(-6).
-19
Let u(h) = 6*h + 18. What is u(-4)?
-6
Let m(o) = o**3 + 7*o**2 + 9*o + 16. Calculate m(-6).
-2
Let b(f) = f**3 - 5*f**2 - 9*f + 8. Give b(6).
-10
Let z(h) = h - 5. What is z(0)?
-5
Let b(m) = -m**2 - 2*m - 1. Calculate b(2).
-9
Let s(w) = 2*w**2 + 5*w - 26. Calculate s(3).
7
Let c(m) = m**2 - 10*m + 11. What is c(9)?
2
Let a(j) = -j**2 + 23*j + 201. What is a(30)?
-9
Let h(j) = j**3 + 11*j**2 - 12*j - 135. Calculate h(-11).
-3
Let f(m) = -m**3 + 5*m**2 + m + 7. Calculate f(6).
-23
Let z(m) = 3*m + 4. Give z(0).
4
Let p(w) = w**2 - w - 14. Determine p(0).
-14
Let s(l) = l**2 - 12*l - 38. Determine s(12).
-38
Let q(w) = 4*w - 2. Calculate q(2).
6
Let i(d) = -d**3 - 4*d**2 - 3*d. Calculate i(-1).
0
Let h(d) = d**3 + 19*d**2 + 5. What is h(-19)?
5
Let o(f) = f**2 + 7*f + 2. Give o(-6).
-4
Let l(d) = d**2 - 34*d + 88. Determine l(31).
-5
Let l(w) = 4*w**2 + 3*w. What is l(4)?
76
Let z(d) = 2*d**3 + 23*d**2 + 11*d + 11. Determine z(-11).
11
Let r(i) = -i**2 + 21. Give r(5).
-4
Let r(k) = k**3 + 2*k**2 - 2*k + 2. Give r(-4).
-22
Let n(g) = 37*g + 59. Determine n(-2).
-15
Let o(d) = -5*d + 22. What is o(3)?
7
Let h(q) = -q**3 + 6*q**2 - 12*q + 18. What is h(4)?
2
Let a(q) = -q. Calculate a(-4).
4
Let w(d) = 7*d + 22. What is w(3)?
43
Let q(a) = a**3 + 5*a**2 + 4*a - 18. Determine q(3).
66
Let h(u) = 2*u**2 + 31*u + 17. Give h(-15).
2
Let q(l) = -5*l + 9. Give q(2).
-1
Let w(r) = -27*r - 2. Determine w(-2).
52
Let x(o) = -14*o**2 + o - 2. Calculate x(2).
-56
Let k(w) = w**3 - 3*w**2 - 2*w + 3. Calculate k(4).
11
Let m(w) = -w**2 - 19*w - 83. Determine m(-12).
1
Let u(a) = a**2 + 14*a - 11. Give u(-14).
-11
Let k(j) = -68*j**3 - 2*j**2 + j + 2. Calculate k(-1).
67
Let k(c) = 4*c**2 + 1. Determine k(1).
5
Let j(m) = m**2 + 5*m + 4. Calculate j(-5).
4
Let v(d) = d**2 + 7*d + 3. What is v(-5)?
-7
Let f(b) = 3*b - 5. Give f(1).
-2
Let n(w) = -w**3 + 14*w**2 - 2*w + 27. Determine n(14).
-1
Let w(a) = -2*a**2 - 3*a + 11. What is w(0)?
11
Let d(n) = -n + 3. What is d(6)?
-3
Let t(z) = -4*z - 20. Give t(-5).
0
Let f(z) = -z**3 - 5*z**2 - 5*z - 3. Give f(-3).
-6
Let b(o) = -23*o - 84. Give b(-3).
-15
Let o(b) = 11*b + 41. What is o(-5)?
-14
Let w(v) = v**3 - 10*v**2 + 2*v - 15. Give w(10).
5
Let x(o) = -3*o**2 - o + 6. What is x(-2)?
-4
Let z(i) = 26*i - 15. Determine z(-6).
-171
Let w(r) = -2*r**2 + 9*r + 8. Calculate w(7).
-27
Let g(l) = -3*l**2 - 2*l - 12. Calculate g(-6).
-108
Let f(s) = -3*s**2 - 5*s - 2. Determine f(4).
-70
Let b(k) = -k**2 - 9*k - 17. Give b(-14).
-87
Let c(l) = -2*l**2 + 29*l + 63. Determine c(-2).
-3
Let g(f) = 6*f**2 - f - 2. Give g(2).
20
Let p(t) = t - 10. What is p(11)?
1
Let j(h) = 2*h**2 + 6*h - 14. What is j(2)?
6
Let w(a) = a**2 - 2*a - 4. Calculate w(-3).
11
Let k(u) = u**2 + 20*u + 45. Calculate k(-12).
-51
Let d(r) = 424*r + 1274. Give d(-3).
2
Let h(i) = -18*i - 129. Give h(-7).
-3
Let n(x) = -x**3 + 20*x**2 - 66*x + 30. Determine n(16).
-2
Let x(z) = 2*z + 20. What is x(-8)?
4
Let u(j) = 12*j + 86. What is u(-7)?
2
Let u(o) = o**3 - 6*o**2 + 10*o - 5. What is u(4)?
3
Let d(f) = -f - 16. Give d(-11).
-5
Let l(n) = n**2 - 10*n + 7. What is l(14)?
63
Let o(z) = -z**3 + 17*z**2 + z - 19. Give o(17).
-2
Let r(q) = -3*q - 44. Determine r(-6).
-26
Let m(x) = -x**3 + 29*x**2 + 208*x - 15. Determine m(-6).
-3
Let u(g) = -g**3 - 6*g**2 - 7*g - 7. Determine u(-6).
35
Let t(l) = -19*l + 99. What is t(6)?
-15
Let r(i) = -22*i**3 - i**2 - 2*i + 2. Determine r(1).
-23
Let b(o) = 2*o - 4. Determine b(-6).
-16
Let f(x) = 23*x + 215. Calculate f(-9).
8
Let f(b) = -7*b**3 + b**2 - 2. Give f(-2).
58
Let k(s) = -2*s - 6. Calculate k(3).
-12
Let i(r) = r**2 - 17*r - 44. Determine i(19).
-6
Let a(u) = -2*u**2 + 9*u - 59. Determine a(7).
-94
Let h(w) = 10*w + 3. What is h(-2)?
-17
Let p(a) = -a**2 - 13*a - 45. Calculate p(-8).
-5
Let m(w) = -w**3 - 4*w**2 + 11*w + 8. Determine m(-7).
78
Let u(z) = z**3 - 5*z**2 - 6*z + 5. What is u(6)?
5
Let q(s) = -2*s**2 + 4*s - 2. Give q(1).
0
Let g(x) = -x**3 + 6*x**2 + 4*x + 9. Determine g(7).
-12
Let z(c) = 9*c**2 - 487*c + 65. What is z(54)?
11
Let x(h) = -2*h**3 + 3*h**2 + h. What is x(3)?
-24
Let u(h) = 6*h**2 - 2*h. Determine u(2).
20
Let d(v) = -5*v**2 + 11*v + 1. Give d(3).
-11
Let f(o) = -2*o**3 - 7*o**2 - 6*o - 6. What is f(-3)?
3
Let n(x) = x**3 + 17*x**2 + 10*x - 89. Give n(-16).
7
Let b(t) = -t**3 - 3*t**2 - 4*t - 1. Determine b(-2).
3
Let i(q) = -q**2 + 11*q + 11. Calculate i(13).
-15
Let c(q) = 2*q**2 + 8*q + 12. What is c(-3)?
6
Let p(z) = 2*z**3 + 16*z**2 + 14*z + 6. What is p(-7)?
6
Let g(x) = 4*x - 3. Give g(-7).
-31
Let c(w) = w**2 + 6*w - 8. Determine c(-7).
-1
Let q(t) = t - 11. What is q(0)?
-11
Let r(z) = -4*z - 3. Give r(0).
-3
Let h(r) = -2*r**3 + 27*r**2 + 48*r - 42. Calculate h(15).
3
Let q(z) = 4*z - 38. Give q(17).
30
Let g(z) = -z**2 - z + 12. Calculate g(3).
0
Let v(t) = 53*t**2 + 423*t - 10. Give v(-8).
-2
Let r(j) = j**3 + 5*j**2 + 7*j - 4. Determine r(-7).
-151
Let i(h) = h**3 + 4*h**2 + 21. Determine i(-5).
-4
Let u(c) = -c**3 - 12*c**2 - 18*c - 11. Determine u(-8).
-123
Let n(h) = -5*h + 11. Calculate n(-15).
86
Let q(z) = z**3 + 6*z**2 - 6*z - 2. Give q(-7).
-9
Let s(j) = -j**2 - 7*j + 3. Calculate s(-7).
3
Let z(p) = -p**2 + 14*p. What is z(14)?
0
Let l(s) = s**3 + 13*s**2 + 8*s - 28. What is l(-12)?
20
Let m(g) = 14*g + 42. What is m(-2)?
14
Let p(d) = -d**3 - 14*d**2 - 2*d - 21. Determine p(-14).
7
Let n(g) = -g**3 - 9. Determine n(0).
-9
Let t(a) = 2*a + 10. What is t(-10)?
-10
Let d(u) = -u**3 + 7*u**2 + 3*u - 7. What is d(7)?
14
Let j(m) = 202*m - 1611. Determine j(8).
5
Let h(v) = v + 11. Determine h(-13).
-2
Let u(t) = t**2 + 4*t + 2. What is u(-4)?
2
Let z(g) = -2*g**3 + 25*g**2 - 21*g + 113. Give z(12).
5
Let d(s) = 5*s + 211. Determine d(-30).
61
Let y(t) = -2*t. What is y(-4)?
8
Let v(f) = f + 15. Determine v(-8).
7
Let j(m) = m**3 - m**2 + m - 8. Calculate j(0).
-8
Let p(w) = -2*w**2 + 16*w - 5. Calculate p(8).
-5
Let h(t) = 2*t**3 + 3*t**2 - 5*t + 5. Give h(2).
23
Let n(q) = -q**3 - 11*q**2 + 3*q + 28. Give n(-11).
-5
Let c(m) = -3*m**2 + 102*m - 506. Give c(28).
-2
Let j(s) = -2*s**2 - 25*s - 75. What is j(-13)?
-88
Let y(f) = f**2 + 5*f + 3. Determine y(-3).
-3
Let o(t) = t**3 - 65*t**2 + 4*t - 266. Determine o(65).
-6
Let r(x) = 3*x + 102. Determine r(-32).
6
Let i(c) = c - 7. What is i(3)?
-4
Let h(y) = 9*y**3 + y**2 - 3*y + 1. Calculate h(1).
8
Let a(i) = 4*i. Determine a(9).
36
Let b(s) = s**3 - 9*s**2 - 15*s + 8. Give b(10).
-42
Let u(c) = c**2 + 4*c + 2. Calculate u(-3).
-1
Let m(l) = -l**3 - 7*l**2 - 1. Determine m(-8).
63
Let b(d) = -2*d**2 + 9*d - 11. Determine b(4).
-7
Let y(v) = v**3 + 6*v**2 + v + 9. Determine y(-6).
3
Let y(r) = -r**3 - 14*r**2 - r + 29. Determine y(-14).
43
Let a(q) = q**2 + 11*q - 4. Give a(-10).
-14
Let c(n) = n**3 - 13*n**2 + 22*n + 27. Calculate c(11).
27
Let c(m) = 30*m**3 + m**2 + m + 1. Determine c(-1).
-29
Let h(x) = -4*x - 27. Determine h(-8).
5
Let o(l) = -2*l**3 + 8*l**2 + 2*l + 1. What is o(4)?
9
Let w(g) = g**2 - 27*g + 170. Calculate w(17).
0
Let o(u) = u**2 + 73*u + 1036. Give o(-19).
10
Let f(k) = k**2 - 46*k + 201. Determine f(42).
33
Let x(j) = j**2 - 19*j + 22. What is x(18)?
4
Let y(h) = -h**2 + 3*h + 3. Calculate y(-1).
-1
Let g(u) = -34*u**2 + 2*u + 1. Give g(-1).
-35
Let n(r) = r**2 - r - 6. Calculate n(5).
14
Let n(z) = -z**2 - z. Give n(2).
-6
Let z(j) = j - 5. Calculate z(3).
-2
Let a(t) = -t - 15. What is a(-9)?
-6
Let o(y) = -2*y + 15. Determin